 Give r(1).
-6
Let b(x) = x**3 - 9*x**2 + 21*x - 38. What is b(7)?
11
Let s(y) = -55*y + 26. Calculate s(0).
26
Let u(z) = -5*z**2 + 360*z - 1. What is u(72)?
-1
Let u(p) = 2*p**3 - 2*p**2 + 12*p - 40. Determine u(4).
104
Let j(y) = 195*y + 2. What is j(1)?
197
Let p(m) = -5*m**3 - m**2 - 73*m + 96. What is p(0)?
96
Let u(i) = 2*i**2 + 47*i + 103. Determine u(-21).
-2
Let m(o) = 7*o**2 + 1243*o - 573. Calculate m(-178).
-39
Let i(m) = m**2 + 333*m + 14853. Give i(-53).
13
Let n(q) = -5*q**3 + 102*q**2 + 67*q - 61. Calculate n(21).
23
Let r(m) = m**3 + 3*m**2 + 20*m - 73. Determine r(0).
-73
Let f(r) = 90*r**2 + 542*r + 3. Calculate f(-6).
-9
Let r(t) = t**3 + 2*t - 20. Give r(3).
13
Let f(t) = -2*t**3 - 32*t**2 + 5*t + 83. Calculate f(-16).
3
Let c(h) = -3*h - 60. Calculate c(-29).
27
Let i(g) = -g**3 + 6*g**2 - 9*g - 27. Calculate i(5).
-47
Let p(z) = -z**2 + 20*z - 113. Give p(15).
-38
Let m(w) = w**2 - 55*w + 522. Determine m(11).
38
Let w(p) = 448*p + 12545. Determine w(-28).
1
Let d(t) = -259*t - 1810. Determine d(-7).
3
Let v(c) = c**3 - 26*c**2 + 26*c - 1. What is v(25)?
24
Let x(s) = -15*s**2 + 97*s + 7. Give x(7).
-49
Let i(w) = 256*w**2 + 9*w + 3. What is i(-1)?
250
Let q(o) = -o - 62. What is q(-68)?
6
Let c(m) = -27*m - 631. Calculate c(-14).
-253
Let i(q) = q**2 + 37*q - 179. Give i(-41).
-15
Let f(v) = -3*v**3 - 28*v**2 - 61*v - 1. Give f(-6).
5
Let p(y) = y**2 + 95*y + 1256. Calculate p(-79).
-8
Let x(c) = c**3 - 25*c**2 - 5*c - 872. Calculate x(26).
-326
Let b(o) = -2*o**2 + 239*o - 1862. Give b(112).
-182
Let g(i) = -i**2 + 13*i + 37. Determine g(-3).
-11
Let b(r) = 35*r**3 - 8*r + 4. Give b(1).
31
Let s(w) = w**3 + 35*w**2 + 190*w - 5. Calculate s(-7).
37
Let c(j) = 587*j + 5248. Calculate c(-9).
-35
Let l(x) = 122*x + 24529. Calculate l(-201).
7
Let h(x) = -120*x - 182. What is h(-2)?
58
Let v(n) = -n**2 - 102*n - 696. What is v(-7)?
-31
Let z(k) = 4*k**2 + 1242*k - 3744. Calculate z(3).
18
Let t(q) = -9*q + 6. What is t(0)?
6
Let u(a) = -a**2 - 660*a - 49861. Calculate u(-87).
-10
Let q(h) = -3*h + 35. Determine q(1).
32
Let o(k) = 29*k - 653. What is o(14)?
-247
Let m(b) = 136*b + 2029. Calculate m(-15).
-11
Let c(k) = 8*k**2 + 44*k + 14. Calculate c(-4).
-34
Let q(o) = -2*o**3 + 3*o**2 + 16*o - 7. Calculate q(4).
-23
Let b(q) = -800*q**2 - 4008*q - 21. Give b(-5).
19
Let j(h) = h - 5. What is j(-1)?
-6
Let f(v) = -10*v - 515. What is f(-19)?
-325
Let x(u) = -1446*u + 116. Determine x(0).
116
Let l(n) = -2*n**2 + 45*n + 375. Give l(28).
67
Let f(w) = 33*w + 3562. What is f(-108)?
-2
Let l(g) = -12*g**2 - 107*g + 5811. Give l(18).
-3
Let k(g) = 1376*g - 155487. Determine k(113).
1
Let n(u) = 3*u**2 + 17*u - 2. Determine n(0).
-2
Let i(g) = -2*g**2 - 45*g - 30. Determine i(-20).
70
Let l(h) = -h**3 - 20*h**2 - 18*h + 92. Calculate l(-20).
452
Let s(d) = -3*d**3 + 42*d**2 + 3*d + 1. What is s(0)?
1
Let d(h) = -16*h**2 + 37*h + 38. Calculate d(-1).
-15
Let p(g) = 488*g + 4368. Calculate p(-9).
-24
Let o(x) = x**3 - 35*x**2 - 6*x + 95. Determine o(35).
-115
Let s(d) = -3*d**3 + 8*d**2 - 8*d + 69. Determine s(6).
-339
Let k(z) = 2*z**2 + 144*z + 295. Calculate k(-70).
15
Let j(n) = n**3 + 45*n**2 - 90*n + 103. Determine j(-47).
-85
Let y(c) = -12*c**2 - 33*c - 15. Determine y(-2).
3
Let r(p) = -26*p**2 - 69*p + 200. Calculate r(5).
-795
Let j(o) = -170*o - 312. Determine j(-2).
28
Let p(x) = -752*x + 17293. What is p(23)?
-3
Let r(c) = c**2 - 5*c - 9. Determine r(9).
27
Let g(x) = 2*x**2 + 223*x + 2024. Give g(-10).
-6
Let f(u) = -u**2 + 27*u + 32. Determine f(25).
82
Let f(g) = 74*g - 373. What is f(5)?
-3
Let k(x) = -2*x**2 - 32*x + 29. Calculate k(-13).
107
Let k(p) = 24*p**2 + 357*p + 9. Determine k(-15).
54
Let k(m) = -2262*m + 6796. Determine k(3).
10
Let t(y) = -2*y**3 - 3*y**2 + 972*y + 2897. Determine t(-3).
8
Let q(z) = z**3 - 103*z**2 + 2149*z - 84. Calculate q(29).
3
Let y(d) = d**2 - 555*d + 1109. Calculate y(2).
3
Let l(f) = -2*f**3 + 43*f**2 + 30*f - 231. Give l(22).
-55
Let a(x) = -x**3 + 40*x**2 - 39*x + 48. Give a(39).
48
Let f(w) = -90*w - 3780. Calculate f(-42).
0
Let s(q) = 34*q - 382. What is s(5)?
-212
Let v(y) = -70*y + 5237. Calculate v(75).
-13
Let m(s) = 385*s + 37347. Determine m(-97).
2
Let p(j) = -j**3 + 14*j**2 - 9*j - 5. Determine p(11).
259
Let v(p) = -4*p**2 + 432*p - 2052. What is v(103)?
8
Let x(j) = 276*j**2 + 8825*j - 222. Give x(-32).
2
Let c(u) = u**3 + 42*u**2 - 45*u - 64. Give c(-43).
22
Let p(g) = -868*g - 15622. Give p(-18).
2
Let g(q) = -q**3 - 100*q**2 - 100*q - 95. Calculate g(-99).
4
Let w(n) = 464*n**3 - 2*n**2 + n. Determine w(1).
463
Let s(g) = -29*g**2 - 1250*g + 1152. What is s(-44)?
8
Let c(j) = -129*j - 371. Determine c(-3).
16
Let t(h) = 9*h**3 + 5*h**2 - 11*h + 6. What is t(3)?
261
Let w(m) = 2*m**3 - 20*m**2 + m - 31. Give w(9).
-184
Let k(d) = -2*d**2 + 8*d + 43. What is k(-5)?
-47
Let d(x) = -3*x**3 - 34*x**2 - 26*x + 98. Calculate d(-10).
-42
Let c(h) = -17*h**2 - 70*h - 83. What is c(-3)?
-26
Let a(z) = 582*z + 4071. Determine a(-7).
-3
Let z(l) = -16*l - 329. Give z(-18).
-41
Let a(h) = 45*h + 9849. Calculate a(-219).
-6
Let r(g) = g**2 + 157*g - 785. Determine r(5).
25
Let n(b) = b**2 - 80*b + 1359. Determine n(24).
15
Let a(u) = -19*u**2 - 92*u + 2. What is a(-5)?
-13
Let s(k) = k**3 - 187*k**2 + 548*k + 748. What is s(184)?
12
Let w(t) = t**3 - 4*t**2 + 778*t - 2325. Give w(3).
0
Let f(t) = -14*t**2 + 37*t + 356. Give f(-4).
-16
Let g(z) = -2*z**2 + 309*z - 6886. What is g(27)?
-1
Let r(i) = 3*i**3 + 38*i**2 - 4*i + 93. Give r(-13).
-24
Let l(c) = 273*c - 4558. Calculate l(15).
-463
Let u(c) = 42*c + 449. What is u(-9)?
71
Let v(p) = 2*p**3 - 18*p**2 - 9*p + 63. Calculate v(9).
-18
Let t(o) = o**3 + 23*o**2 + 102*o + 479. Determine t(-19).
-15
Let i(u) = u**3 + 11*u**2 - 7*u + 20. Give i(-10).
190
Let p(u) = -2*u**3 + 291*u**2 - 10587*u + 574. What is p(71)?
6
Let l(p) = 513*p - 12311. Give l(24).
1
Let x(d) = d**3 + 9*d**2 - 193*d + 4. What is x(10)?
-26
Let b(x) = -4*x**2 - 197*x + 546. Give b(-52).
-26
Let p(k) = -25*k - 1534. Determine p(-45).
-409
Let y(z) = -z**3 - 36*z**2 + 106*z - 391. Determine y(-39).
38
Let j(l) = l**3 - 44*l**2 - 143*l + 117. Give j(47).
23
Let p(h) = 18*h - 1421. What is p(65)?
-251
Let v(x) = -25*x**2 + 8*x - 1. What is v(-1)?
-34
Let u(a) = 3*a - 50. Determine u(16).
-2
Let m(r) = r**3 + 74*r**2 - 27*r - 1959. Calculate m(-74).
39
Let k(x) = 51*x - 820. What is k(17)?
47
Let a(b) = 201*b - 6648. Give a(33).
-15
Let t(l) = -17*l - 146. Calculate t(-7).
-27
Let q(a) = -83*a + 339. What is q(4)?
7
Let b(g) = -15*g + 134. What is b(20)?
-166
Let u(v) = -101*v + 71. Calculate u(2).
-131
Let l(t) = 63*t**2 + 1196*t - 73. Determine l(-19).
-54
Let p(g) = 2*g**3 + g**2 + g - 54. What is p(0)?
-54
Let x(s) = 23*s + 268. Give x(-12).
-8
Let t(h) = h**2 - 4*h - 149. Calculate t(-8).
-53
Let d(z) = -z**3 + 54*z**2 + 58*z - 187. Determine d(55).
-22
Let b(y) = 2*y**3 + 8*y**2 - 88*y - 12. Give b(7).
450
Let d(z) = 2*z**2 - 152*z + 2. Give d(76).
2
Let g(k) = 537*k**3 - 3*k**2 + 3. What is g(1)?
537
Let a(y) = -y**2 + 9*y + 79. Determine a(17).
-57
Let z(w) = -w**3 + 6*w**2 - 16*w + 44. Give z(4).
12
Let w(t) = 3*t**3 - 73*t**2 + 20*t + 64. Determine w(24).
-32
Let b(g) = g**3 + 9*g**2 + 26*g + 681. Determine b(-14).
-663
Let a(i) = i**3 + 54*i**2 - 11*i - 607. What is a(-54)?
-13
Let d(i) = -i**3 - 15*i**2 - 16*i - 81. Calculate d(-13).
-211
Let g(x) = 315*x + 12599. Determine g(-40).
-1
Let h(x) = -6*x - 204. Calculate h(-35).
6
Let d(p) = -7*p - 158. Calculate d(47).
-487
Let p(a) = -a**2 + a - 1. Give p(6).
-31
Let b(g) = 67*g + 377. Give b(-5).
42
Let i(p) = p**2 + 92*p + 1758. What is i(-26)?
42
Let n(d) = 12*d - 108. Calculate n(9).
0
Let k(r) = -r**3 - 67*r**2 - 568*r + 122. What is k(-57)?
8
Let t(p) = 3*p + 464. Calculate t(-49).
317
Let j(l) = -18*l**3 + 13*l**2 + 22*l - 13. What is j(-3)?
524
Let h(x) = 54*x + 868. Give h(-16).
4
Let h(i) = 7*i**2 - 111*i - 131. Give h(17).
5
Let p(j) = 3*j**2 + 18*j - 102. Give p(4).
18
Let c(p) = 1004*p + 6004. Determine c(-6).
-20
Let m(f) = -2*f**3 + 6*f**2 + 10*f + 23. Calculate m(6).
-133
Let z(g) = 417*g + 3118. Determine z(-7).
199
Let d(p) = 112*p - 963. Give d(9).
45
Let t(r) = -160*r**